multiple of 5?
False
Does 10 divide 980?
True
Does 64 divide 5825?
False
Is 2691 a multiple of 117?
True
Does 54 divide 2683?
False
Is 83 a factor of 498?
True
Is 81 a factor of 672?
False
Is 2870 a multiple of 35?
True
Does 5 divide 2980?
True
Is 254 a multiple of 3?
False
Is 1790 a multiple of 43?
False
Is 55 a factor of 11000?
True
Is 3 a factor of 4459?
False
Is 264 a multiple of 33?
True
Is 18 a factor of 9876?
False
Does 10 divide 2323?
False
Does 49 divide 2352?
True
Is 3458 a multiple of 13?
True
Is 22692 a multiple of 12?
True
Is 28 a factor of 2786?
False
Does 4 divide 6888?
True
Does 20 divide 3039?
False
Is 558 a multiple of 93?
True
Is 13790 a multiple of 14?
True
Does 12 divide 408?
True
Does 5 divide 539?
False
Is 54 a factor of 1260?
False
Does 9 divide 253?
False
Is 32 a factor of 1120?
True
Is 714 a multiple of 45?
False
Does 71 divide 12780?
True
Is 94 a multiple of 6?
False
Is 5 a factor of 68742?
False
Is 65 a factor of 7605?
True
Is 23980 a multiple of 22?
True
Does 46 divide 47153?
False
Is 9 a factor of 198?
True
Is 6062 a multiple of 5?
False
Is 24 a factor of 60432?
True
Is 22 a factor of 7339?
False
Is 619 a multiple of 21?
False
Does 16 divide 1814?
False
Does 44 divide 318?
False
Is 10 a factor of 3483?
False
Is 1809 a multiple of 9?
True
Is 64 a factor of 4096?
True
Is 13200 a multiple of 50?
True
Is 4 a factor of 48?
True
Is 10 a factor of 9499?
False
Is 26651 a multiple of 12?
False
Is 13 a factor of 25581?
False
Is 4 a factor of 2956?
True
Does 2 divide 59?
False
Is 540 even?
True
Is 899 a multiple of 31?
True
Is 99 a multiple of 15?
False
Does 14 divide 107488?
False
Is 39 a factor of 585?
True
Is 1344 a multiple of 48?
True
Is 34176 a multiple of 12?
True
Is 46 a multiple of 5?
False
Does 82 divide 82?
True
Is 1757 a multiple of 47?
False
Is 55 a factor of 19195?
True
Is 80 a factor of 5148?
False
Does 7 divide 12740?
True
Is 48 a factor of 823?
False
Is 126 a multiple of 18?
True
Does 19 divide 1586?
False
Is 10 a factor of 600?
True
Is 7 a factor of 164?
False
Is 2326 a multiple of 11?
False
Is 8118 a multiple of 87?
False
Is 15 a factor of 20582?
False
Is 133 a factor of 4472?
False
Is 11 a factor of 451?
True
Does 7 divide 952?
True
Does 107 divide 10486?
True
Does 127 divide 12132?
False
Is 2 a factor of 120?
True
Does 83 divide 59584?
False
Does 2 divide 366?
True
Does 16 divide 1520?
True
Is 56 a factor of 11032?
True
Is 30 a factor of 4172?
False
Is 744 a multiple of 6?
True
Is 14053 a multiple of 12?
False
Is 12160 a multiple of 32?
True
Is 175 a factor of 16544?
False
Is 75813 a multiple of 37?
True
Is 13782 a multiple of 123?
False
Does 50 divide 3786?
False
Does 43 divide 43?
True
Is 129573 a multiple of 9?
True
Does 14 divide 159647?
False
Is 104 a factor of 2912?
True
Is 3830 a multiple of 20?
False
Does 30 divide 1402?
False
Is 29 a factor of 46023?
True
Is 149 a factor of 5960?
True
Is 63990 a multiple of 9?
True
Is 497 a multiple of 2?
False
Is 769 a multiple of 10?
False
Is 241 a multiple of 6?
False
Is 58 a factor of 449?
False
Is 160 a multiple of 7?
False
Is 76 a factor of 28196?
True
Is 27227 a multiple of 217?
False
Is 53 a factor of 113?
False
Is 26280 a multiple of 15?
True
Does 13 divide 880?
False
Does 35 divide 2287?
False
Does 23 divide 4094?
True
Does 24 divide 240?
True
Does 69 divide 2553?
True
Is 16226 a multiple of 37?
False
Does 65 divide 195?
True
Is 12 a factor of 2146?
False
Is 744 a multiple of 31?
True
Is 3 a factor of 1844?
False
Does 3 divide 231?
True
Is 20 a factor of 725?
False
Is 183 a factor of 16487?
False
Is 5670 a multiple of 42?
True
Does 9 divide 43256?
False
Is 21 a factor of 28476?
True
Is 1294 a multiple of 44?
False
Is 79 a multiple of 51?
False
Is 6 a factor of 2287?
False
Does 7 divide 119?
True
Is 9105 even?
False
Is 3 a factor of 262?
False
Does 66 divide 1205?
False
Is 1577 a multiple of 2?
False
Is 57 a factor of 41650?
False
Does 34 divide 3774?
True
Does 11 divide 1400?
False
Does 46 divide 32166?
False
Does 28 divide 1652?
True
Does 10 divide 130?
True
Is 651 a multiple of 31?
True
Is 22 a factor of 3982?
True
Does 16 divide 1655?
False
Is 29 a factor of 1676?
False
Is 270 a multiple of 10?
True
Is 28 a factor of 4252?
False
Is 161 a multiple of 9?
False
Is 333 a factor of 10409?
False
Does 35 divide 22131?
False
Is 23 a factor of 10051?
True
Is 81030 a multiple of 73?
True
Is 67 a factor of 34639?
True
Is 33 a factor of 38928?
False
Is 18 a factor of 4482?
True
Is 2600 a multiple of 20?
True
Does 8 divide 4773?
False
Is 32 a factor of 12161?
False
Does 5 divide 75?
True
Is 13 a factor of 195?
True
Is 140 a multiple of 19?
False
Does 39 divide 570?
False
Is 2220 a multiple of 3?
True
Does 10 divide 440?
True
Is 77 a factor of 16839?
False
Is 230 a factor of 18860?
True
Is 88 a factor of 91960?
True
Is 87 a factor of 1810?
False
Does 55 divide 2003?
False
Does 58 divide 232?
True
Is 7 a factor of 485?
False
Is 750 a multiple of 30?
True
Does 25 divide 7250?
True
Does 74 divide 2122?
False
Is 4 a factor of 3166?
False
Is 37 a factor of 4958?
True
Does 60 divide 5700?
True
Is 2102 a multiple of 13?
False
Is 15 a factor of 90?
True
Is 6994 a multiple of 13?
True
Is 23 a factor of 345?
True
Is 76 a factor of 2893?
False
Does 5 divide 1810?
True
Is 892 a multiple of 13?
False
Is 773 a multiple of 14?
False
Is 14589 a multiple of 3?
True
Does 7 divide 4396?
True
Does 20 divide 28920?
True
Does 151 divide 5316?
False
Is 222 a multiple of 11?
False
Does 10 divide 1400?
True
Is 40 a factor of 960?
True
Is 260 a multiple of 4?
True
Is 79 a multiple of 2?
False
Does 83 divide 3447?
False
Does 49 divide 23219?
False
Does 82 divide 1886?
True
Is 49 a factor of 7350?
True
Is 10 a factor of 25?
False
Is 57 a factor of 3135?
True
Does 8 divide 4563?
False
Is 15 a factor of 6793?
False
Is 19530 a multiple of 6?
True
Is 38 a multiple of 27?
False
Does 56 divide 5208?
True
Is 188 a factor of 39104?
True
Does 3 divide 144?
True
Is 15168 a multiple of 3?
True
Does 17 divide 11926?
False
Is 132 a multiple of 4?
True
Is 18 a factor of 2717?
False
Does 31 divide 1037?
False
Is 14 a factor of 1722?
True
Does 54 divide 867?
False
Is 14 a factor of 3233?
False
Is 1968 a multiple of 14?
False
Is 278 a multiple of 13?
False
Does 72 divide 19224?
True
Is 1596 a multiple of 114?
True
Does 76 divide 14668?
True
Is 3 a factor of 512?
False
Does 121 divide 9196?
True
Does 58 divide 1334?
True
Is 27 a factor of 11691?
True
Is 154 a multiple of 11?
True
Does 80 divide 17680?
True
Does 10 divide 15099?
False
Is 10535 a multiple of 35?
True
Is 108 a factor of 6060?
False
Is 11 a factor of 1188?
True
Is 196 a multiple of 11?
False
Does 13 divide 1447?
False
Does 6 divide 10944?
True
Does 32 divide 457?
False
Does 8 divide 4016?
True
Is 6838 a multiple of 37?
False
Is 76 a factor of 1064?
True
Is 4596 a multiple of 12?
True
Is 1250 a multiple of 28?
False
Does 110 divide 79568?
False
Does 28 divide 1596?
True
Does 105 divide 1995?
True
Is 18 a factor of 22750?
False
Is 43428 a multiple of 47?
True
Is 21 a factor of 44130?
False
Is 25 a factor of 23210?
False
Does 162 divide 351?
False
Is 1562 a multiple of 22?
True
Does 8 divide 765?
False
Does 29 divide 12905?
True
Is 7336 a multiple of 4?
True
Is 22 a factor of 84172?
True
Is 47 a factor of 4277?
True
Is 7985 a multiple of 33?
False
Does 13 divide 3887?
True
Does 49 divide 2863?
False
Is 25 a factor of 782?
False
Does 15 divide 38?
False
Is 15 a factor of 60?
True
Does 4 divide 346?
False
Is 24 a factor of 656?
False
Is 26 a factor of 28754?
False
Is 60406 a multiple of 422?
False
Does 3 divide 6606?
True
Is 9348 a multiple of 147?
False
Is 14 a factor of 467?
False
Is 61 a factor of 10797?
True
Does 61 divide 366?
True
Is 10 a factor of 75410?
True
Is 26 a factor of 33?
False
Is 6 a factor of 290?
False
Does 20 divide 5963?
False
Is 39 a factor of 1006?
False
Does 22 divide 4818?
True
Does 8 divide 2552?
True
Is 3310 a multiple of 58?
False
Is 39 a factor of 965?
False
Is 15884 a multiple of 76?
True
Does 5 divide 565?
True
Does 9 divide 12503?
False
Is 3301 a multiple of 347?
False
Does 4 divide 3032?
True
Does 15 divide 660?
True
Is 129750 a multiple of 173?
True
Does 18 divide 810?
True
Does 12 divide 12310?
False
Is 41809 a